 p + h + 3 - 11. Calculate t(8).
0
Let c be (3 - (-234)/10) + (-8)/20. Let g(n) = -1 - c*n**2 + 27*n**2 - 6*n + 2. What is g(4)?
-7
Let b be (8/(-24))/((-2)/18). Suppose b*k = 4*k + 1, -z - 4*k = 8. Let y(a) = -2*a - 6. What is y(z)?
2
Let i(x) = -2*x - 6. Let o(z) = 36*z**2 - 3*z - 1. Let q be o(-1). Suppose -q + 13 = 5*g. Determine i(g).
4
Suppose 6*j - 11 = 13. Let h(v) = -4*v - 2. Calculate h(j).
-18
Let r(c) be the second derivative of -c**3/3 + 13*c**2/2 + 288*c. Calculate r(7).
-1
Let t be 6/(-2)*(-5 - -4). Suppose -5*g - 16 = c + 15, 3*g = t*c - 33. Let i(f) = -f - 12. Calculate i(g).
-5
Let d(z) be the first derivative of 1/4*z**4 - 9 - 7*z - 5/3*z**3 + 0*z**2. What is d(5)?
-7
Let f be (-4)/(-3)*(-84)/(-56). Let a(k) = k**3 + 3*k - 11*k + 7*k**f + 9 - 15. Calculate a(-8).
-6
Let h(f) be the third derivative of 1/120*f**6 + 4*f**2 + 3/2*f**3 + 0*f + 0 + 7/60*f**5 + 1/12*f**4. Suppose 27 - 6 = -3*b. Determine h(b).
-5
Suppose 0 = 5*b - 1 - 14. Suppose 6*h - 3*h + 2*y = 19, 5*h - 40 = -5*y. Let m(q) = -22*q**3 + 0*q**2 + 21*q**h + 5*q**2 - 2*q. What is m(b)?
12
Let t(j) = -3*j**2 + 39 + 42 - 125 - 2*j + 43. Give t(-3).
-22
Let d(j) = -2924 + 2*j + j**3 - 3*j**2 + 2921 + 5*j**2. Calculate d(-3).
-18
Let c(r) = r**2 - 2*r**2 + 0 - 2*r + 10*r + 2 + 1. Determine c(6).
15
Suppose -9*h - 3*a = -14*h + 5, -a - 15 = -5*h. Let n(q) be the third derivative of 5*q**2 - 1/6*q**3 + 0 + 0*q - 1/12*q**h. Determine n(-3).
5
Let c = 32 + -33. Let v(i) be the third derivative of 0*i**5 - 3*i**2 + 0*i**3 + 1/24*i**4 + 0 - 1/120*i**6 + 0*i. Give v(c).
0
Let w(s) be the second derivative of 1/2*s**2 + 1/20*s**5 - 41*s + 5/12*s**4 + 0 + 2/3*s**3. Determine w(-4).
1
Suppose 3*q - 67 - 17 = 0. Suppose -16*u + 12*u - q = 0. Let m(d) = -5*d - 2 + 3 - 9 + 4*d. What is m(u)?
-1
Let m(v) = 2*v - 7. Suppose 2*o + 7*h - 3*h = 26, 0 = -5*o - 2*h + 33. What is m(o)?
3
Suppose -172 = -2*d - 168. Let n(o) = o**3 - 2*o**2. What is n(d)?
0
Let n(k) = -k**3 + k**2 - 1. Let b be n(1). Suppose 5*r + 3*i - 4 = 3, 5*i + 9 = 2*r. Let m(s) = s + 7*s**r - 4 + 6*s**2 + 5. Determine m(b).
13
Let l(a) = a**2 - 4*a - 2. Let f be (1139/(-85))/(1/(-5)). Let x = f + -62. What is l(x)?
3
Let n(y) = y**2 - 5*y - 5. Let p(r) = r**3 - 18*r**2 + 16*r + 5. Let a = -31 - -48. Let f be p(a). Let g be 0 - 5/(15/f). Give n(g).
-9
Let h(f) be the third derivative of f**4/24 + 5*f**3/3 - 445*f**2. Give h(8).
18
Suppose 0 = -z + 2*j + 12, -8*j + 22 = 4*z - 3*j. Let s(p) = p**2 - 10*p - 2. Give s(z).
-18
Suppose 5*s + 23 - 22 = -3*g, 10 = -5*s. Let k(n) be the third derivative of -n**5/30 + n**4/6 + n**3/6 + n**2. What is k(g)?
-5
Let y(v) = -v**3 + 5*v**2 - v - 6. Let c be 1 + 2 + 1 - -1. Suppose c*q - 4 - 11 = 0. Let t = q + 2. Give y(t).
-11
Let k(y) = -y**3 - 6*y**2 + 3*y + 1. Let d(b) = b**3 + 6*b**2 - 4*b. Let v(r) = -2*d(r) - 3*k(r). Suppose o = 2*o - 10. Suppose -o*c - 36 = -4*c. Give v(c).
3
Suppose -i - 5*g = -5*i - 39, 0 = -2*g + 6. Let p(w) = -w**3 - 6*w**2 - 4*w - 9. Calculate p(i).
15
Let n(p) = 0 - 14 - 2*p - 2*p. Let l be (-2*3/9)/((-6)/(-45)). Let z(w) = w + 1. Let t(o) = l*z(o) - n(o). Calculate t(4).
5
Let h(i) = -3*i**2 - 5*i - 4. Let w be 112/(-24) + (-2)/(-3). Give h(w).
-32
Let m(b) be the third derivative of 0*b - 1/24*b**4 + 0 + 1/2*b**3 + 12*b**2. Calculate m(6).
-3
Let a(w) be the first derivative of 0*w**2 + 1/4*w**4 + 0*w + 1/3*w**3 + 10. What is a(2)?
12
Let q(k) be the first derivative of -k**2/2 + 9*k - 7. Let l be q(9). Let t(i) = 9*i - 2*i + l*i**3 + 0*i**2 - 5*i**2 - i**3. What is t(-6)?
-6
Let t(g) be the second derivative of -g**5/20 - g**4/12 + 4*g**2 - 5*g. Suppose -4*u - 8*u = 0. Determine t(u).
8
Suppose -c = -4*c - 2*g - 10, -3*g = -5*c - 23. Let v = -6 + 7. Let s(u) = -6*u**2 + 1 - 6*u - u**3 - v. Determine s(c).
-8
Suppose -126*d + 189 = -99*d. Let k(s) = s**3 - 6*s**2 - 10*s + 17. Determine k(d).
-4
Let c = 339 - 349. Let i(a) = -1 - 9*a**2 + 4*a - a**3 - 4 + 6*a. Determine i(c).
-5
Let g(x) = -22 - 2 - 3*x**2 - 5 + 2*x**2. Determine g(0).
-29
Let f(b) = 7*b**2 - 1. Let a(o) = 9*o**2 + 6 - 6*o - 14*o**2 + 4*o**2. Let n be a(-7). What is f(n)?
6
Let l = 202 - 202. Let q(p) = p**2 - p - 8. What is q(l)?
-8
Let n(b) = 6*b**2 + 41*b**2 - 48*b**2 - 7*b. Determine n(-8).
-8
Suppose -42 = 7*t - 0*t. Let y(v) = -v**2 + 4*v + 2*v**2 + 4 + 2*v + 5. Calculate y(t).
9
Let g(t) = 6*t**2 - 26*t + 13. Let b(y) = -4*y**2 + 17*y - 9. Let n(j) = 8*b(j) + 5*g(j). Determine n(4).
-15
Let m(o) = -2*o - 17. Let s be m(-12). Suppose -k + s = 4. Suppose -16 = -r - k*r. Let w(f) = -3*f + 4. Give w(r).
-8
Let c(m) = -6*m**2 - 13*m - 2. Let w = 11 + -11. Let d(y) = -6*y - 4*y**2 - 1 + y**2 + w*y**2 + 0*y**2. Let f(k) = 6*c(k) - 13*d(k). Calculate f(1).
4
Let y = 17 - 12. Let j(l) = -3*l**3 - 10*l**2 + 4*l + 3. Let r(z) = z**3 + z**2 - 1. Let i = 6 - 10. Let m(o) = i*r(o) - j(o). Give m(y).
6
Let n(j) = -214*j + 108*j + 3 + 105*j. Calculate n(5).
-2
Let d(k) = k**3 - 8*k**2 + 6*k + 3. Let b = -992 - -999. Determine d(b).
-4
Let j(c) be the third derivative of -c**5/60 - 3*c**4/8 - 3*c**3/2 + 461*c**2. Suppose 12 = -k - k - u, 5*u = 10. Calculate j(k).
5
Let b(s) = -3*s**2 - 6*s - 2. Let q = 74 + -78. Let p(r) = -4*r**2 - 5*r - 3. Let u(a) = q*p(a) + 5*b(a). Determine u(8).
-14
Let r(b) = -b**2 + 3*b + 2. Suppose 3*u = -y + 16, -4*u + 11 = -y - 1. Calculate r(u).
-2
Let r(m) = -9 + 3*m + 8*m + m**2 - 2*m - 2*m. Let p = 208 - 215. What is r(p)?
-9
Let m(q) = -q - 7. Let i(c) = -4*c + 3. Let r be i(0). Suppose -3*f - 3*w - 1 = -2*f, 3*f + 2*w + r = 0. Let y be (f - -3)*(-3 - 0). Give m(y).
-1
Let h(a) = 2*a**2 + 7*a + 7. Let n(y) = -3*y**2 - 6 + 1695*y - 7 - 1708*y. Let x(b) = -7*h(b) - 4*n(b). Suppose 4*j - 2*j = 6. Determine x(j).
-6
Let g(n) = -n**3 + 5*n**2 - n - 4. Let v be (32/(-6))/(-1 - (-4)/12). Suppose c - 12 = -v. Determine g(c).
8
Let d(w) = -4*w**2 + 9*w - 5. Suppose -s - c - 2 = 0, 0*c + 8 = -4*s + c. Let n(x) = x**2 - 2*x + 1. Let p(q) = s*d(q) - 9*n(q). Give p(1).
0
Let o = -5 - -7. Suppose 5*r + 3*i - 68 = 0, -3*r - i = -68 + 24. Let c(y) = r*y + 2 - 3 - 12*y. What is c(o)?
7
Let l = 25 + -35. Let s be (45/25)/((-6)/l). Let n(q) = -q + 1. Determine n(s).
-2
Let f(t) = t**2 - 7*t + 2. Let w = 3 + 0. Suppose -w*c + 5*c = 12. Calculate f(c).
-4
Let m(t) = 7 + 3*t - 2*t + 7 + t**3 - 6*t - 17. Determine m(-3).
-15
Let p = 3 - 2. Let s = -88 - -96. Let x(i) = s*i**2 + i**3 - 2*i + 2*i - i - 7*i**2. What is x(p)?
1
Let a(s) = 6*s**2 + 2*s + 15. Let i(g) = -5*g**2 - 3*g - 14. Let b(w) = -4*a(w) - 5*i(w). Give b(-6).
4
Let o(f) = -12*f**2. Let l = -12 + 13. Suppose -5*i = -3*w + l, -3*i + 5*w = 2*i + 5. Calculate o(i).
-12
Let v = -19199 - -19194. Let l be 0/(0 + -2*1). Let p(j) = l - j - 7 - j. Calculate p(v).
3
Let u(x) = 13*x - 10. Let s(i) = 18 + 2*i - 15 - 6*i. Let o(w) = 7*s(w) + 2*u(w). What is o(-3)?
7
Let r(s) = 3*s + 5. Suppose 38*d + 60 = 58*d. Give r(d).
14
Let i(l) = -1. Let q(g) = g + 4. Let t(y) = -3*i(y) - q(y). What is t(6)?
-7
Let r(n) = -n**3 + 3*n**2 + 3*n - 7. Let v be r(3). Let z(h) = -8*h + 1 + 3 + 7*h**v - h**3 + 0*h**2 + 4. Let w be (2 + -1)/((-2)/(-12)). What is z(w)?
-4
Let v(s) be the third derivative of -5*s**4/8 - 13*s**3/2 - 471*s**2. Calculate v(-3).
6
Let s be (-5 + 8 + 3)/((-2)/1). Let x(i) = -2*i**3 - 2*i**2 + 4*i + 4. Give x(s).
28
Let c be (-1)/((-4)/(-8)*2). Let u(d) = d. Let g(o) = 3*o - 2. Let k(v) = c*g(v) + 4*u(v). Suppose -7 + 4 = f. Give k(f).
-1
Suppose 0 = -137*r + 140*r - 21. Let z(q) = -q**2 - 3*q + 6*q + 3*q + 9 - 1. Determine z(r).
1
Suppose 0 = 5*k - 5*p - 30, 0 = 3*k + 3*p - 6 + 18. Let f(a) = -a**2 - 1 + k - 3 - 6*a. Suppose -4*q - 23 = 3*b, 5*b = -21*q + 18*q - 31. Determine f(b).
2
Suppose 4*v + 3 - 15 = -4*d, 0 = -3*d - 4*v + 14. Let f be 3 - 4/(-8)*d. Let m(j) = -4*j**2 - 3*j - 1 - f + 1 + 2*j**2. Determine m(-3).
-11
Let j = 24 - 28. Let c be -1 + 0 + j + 24. Let x(d) = -c + 44 + 2*d - 21. Give x(-5).
-6
Let m be (-2)/3*(-18)/4. Let p = 7 - m. Let g(c) = 3*c - 4*c - 3 + p*c + c. Calculate g(2).
5
Suppose 2*b = -2*b + 17*b. Let t(f) = 2*f**2 - 5. What is t(b)?
-5
Let d(r) = -r**3 - 6*r**2 + 6*r + 8. Let u(x) = x**2 + 18*x - 7. Let a be u(-18). Give d(a).
15
Let c(q) be the third derivative of -q**6/120 + q**5/20 + q**4